-- MySQL dump 10.13  Distrib 5.5.21, for Linux (i686)
--
-- Host: localhost    Database: poll
-- ------------------------------------------------------
-- Server version	5.5.21

/*!40101 SET @OLD_CHARACTER_SET_CLIENT=@@CHARACTER_SET_CLIENT */;
/*!40101 SET @OLD_CHARACTER_SET_RESULTS=@@CHARACTER_SET_RESULTS */;
/*!40101 SET @OLD_COLLATION_CONNECTION=@@COLLATION_CONNECTION */;
/*!40101 SET NAMES utf8 */;
/*!40103 SET @OLD_TIME_ZONE=@@TIME_ZONE */;
/*!40103 SET TIME_ZONE='+00:00' */;
/*!40014 SET @OLD_UNIQUE_CHECKS=@@UNIQUE_CHECKS, UNIQUE_CHECKS=0 */;
/*!40014 SET @OLD_FOREIGN_KEY_CHECKS=@@FOREIGN_KEY_CHECKS, FOREIGN_KEY_CHECKS=0 */;
/*!40101 SET @OLD_SQL_MODE=@@SQL_MODE, SQL_MODE='NO_AUTO_VALUE_ON_ZERO' */;
/*!40111 SET @OLD_SQL_NOTES=@@SQL_NOTES, SQL_NOTES=0 */;

--
-- Table structure for table `answer`
--

DROP TABLE IF EXISTS `answer`;
/*!40101 SET @saved_cs_client     = @@character_set_client */;
/*!40101 SET character_set_client = utf8 */;
CREATE TABLE `answer` (
  `ques_id` int(11) DEFAULT NULL,
  `answer` varchar(20000) DEFAULT NULL
) ENGINE=MyISAM DEFAULT CHARSET=latin1;
/*!40101 SET character_set_client = @saved_cs_client */;

--
-- Dumping data for table `answer`
--

LOCK TABLES `answer` WRITE;
/*!40000 ALTER TABLE `answer` DISABLE KEYS */;
INSERT INTO `answer` VALUES (1,'&#2951;&#2990;&#2991; &#2990;&#2994;&#3016;&#2980;&#3021;&#2980;&#3018;&#2975;&#2992;&#3021;&#2965;&#2995;&#3021;'),(2,'&#2997;&#3007;&#2980;&#3007;-360'),(3,'25 &#2970;&#3014;.&#2990;&#3008;'),(4,''),(5,'&#2984;&#3014;&#2986;&#3021;&#8204;&#2975;&#3021;&#2991;&#3010;&#2985;&#3021;'),(6,'&#2986;&#3010;&#2975;&#3021;&#2975;&#3006;&#2985;&#3021;');
/*!40000 ALTER TABLE `answer` ENABLE KEYS */;
UNLOCK TABLES;

--
-- Table structure for table `options`
--

DROP TABLE IF EXISTS `options`;
/*!40101 SET @saved_cs_client     = @@character_set_client */;
/*!40101 SET character_set_client = utf8 */;
CREATE TABLE `options` (
  `id` int(11) NOT NULL AUTO_INCREMENT,
  `ques_id` int(11) NOT NULL,
  `value` varchar(300) NOT NULL,
  PRIMARY KEY (`id`)
) ENGINE=InnoDB AUTO_INCREMENT=25 DEFAULT CHARSET=utf8;
/*!40101 SET character_set_client = @saved_cs_client */;

--
-- Dumping data for table `options`
--

LOCK TABLES `options` WRITE;
/*!40000 ALTER TABLE `options` DISABLE KEYS */;
INSERT INTO `options` VALUES (1,1,'&#2965;&#3009;&#2985;&#3021;&#2994;&#3009;&#2985;&#3021; &#2990;&#2994;&#3016;&#2980;&#3021;&#2980;&#3018;&#2975;&#2992;&#3021;&#2965;&#2995;&#3021;'),(2,1,'&#2951;&#2990;&#2991; &#2990;&#2994;&#3016;&#2980;&#3021;&#2980;&#3018;&#2975;&#2992;&#3021;&#2965;&#2995;&#3021;'),(3,1,'&#2951;&#2984;&#3021;&#2980;&#3009;&#2965;&#3009;&#2999;&#3021; &#2990;&#2994;&#3016;&#2980;&#3021;&#2980;&#3018;&#2975;&#2992;&#3021;&#2965;&#2995;&#3021;'),(4,1,'&#2965;&#3007;&#2985;&#3021;&#2965;&#2985;&#3021; &#2990;&#2994;&#3016;&#2980;&#3021;&#2980;&#3018;&#2975;&#2992;&#3021;&#2965;&#2995;&#3021;'),(5,2,'&#2997;&#3007;&#2980;&#3007;-356'),(6,2,'&#2997;&#3007;&#2980;&#3007;-360'),(7,2,'&#2997;&#3007;&#2980;&#3007;-352'),(8,2,'&#2997;&#3007;&#2980;&#3007;-350'),(9,3,'16 &#2970;&#3014;.&#2990;&#3008;'),(10,3,'19 &#2990;&#3007;.&#2990;&#3008;'),(11,3,'25 &#2970;&#3014;.&#2990;&#3008;'),(12,3,'21 &#2990;&#3007;.&#2990;&#3008;'),(17,5,'&#2991;&#3009;&#2992;&#3015;&#2985;&#3000;&#3021;'),(18,5,'&#2984;&#3014;&#2986;&#3021;&#8204;&#2975;&#3021;&#2991;&#3010;&#2985;&#3021;'),(19,5,'&#2986;&#3021;&#2995;&#3010;&#2975;&#3021;&#2975;&#3019;'),(20,5,'&#2997;&#3008;&#2985;&#3000;&#3021;'),(21,6,'&#2970;&#2997;&#3009;&#2980;&#3007; &#2949;&#2992;&#3015;&#2986;&#3007;&#2991;&#3006;'),(22,6,'&#2986;&#3010;&#2975;&#3021;&#2975;&#3006;&#2985;&#3021;'),(23,6,'&#2970;&#3019;&#2990;&#3006;&#2994;&#3007;&#2991;&#3006;'),(24,6,'&#2986;&#3006;&#2965;&#3007;&#3000;&#3021;&#2980;&#3006;&#2985;&#3021;');
/*!40000 ALTER TABLE `options` ENABLE KEYS */;
UNLOCK TABLES;

--
-- Table structure for table `questions`
--

DROP TABLE IF EXISTS `questions`;
/*!40101 SET @saved_cs_client     = @@character_set_client */;
/*!40101 SET character_set_client = utf8 */;
CREATE TABLE `questions` (
  `id` int(11) NOT NULL AUTO_INCREMENT,
  `ques` text NOT NULL,
  `created_on` datetime NOT NULL,
  PRIMARY KEY (`id`)
) ENGINE=InnoDB AUTO_INCREMENT=7 DEFAULT CHARSET=utf8;
/*!40101 SET character_set_client = @saved_cs_client */;

--
-- Dumping data for table `questions`
--

LOCK TABLES `questions` WRITE;
/*!40000 ALTER TABLE `questions` DISABLE KEYS */;
INSERT INTO `questions` VALUES (1,'&#2950;&#2970;&#3007;&#2991;&#3006;&#2997;&#3007;&#2985;&#3021; &#2990;&#3007;&#2965; &#2984;&#3008;&#2979;&#3021;&#2975; &#2990;&#2994;&#3016;&#2980;&#3021;&#2980;&#3018;&#2975;&#2992;&#3021;&#2965;&#2995;&#3021;?','2014-02-16 09:41:54'),(2,'&#2958;&#2984;&#3021;&#2980;&#2986;&#3021; &#2986;&#3007;&#2992;&#3007;&#2997;&#3007;&#2985;&#3021; &#2965;&#3008;&#2996;&#3021; &#2984;&#3007;&#2980;&#3007; &#2984;&#3014;&#2992;&#3009;&#2965;&#3021;&#2965;&#2975;&#3007; &#2986;&#3007;&#2992;&#2965;&#2975;&#2985;&#2986;&#3021;&#2986;&#2975;&#3009;&#2980;&#3021;&#2980;&#2986;&#3021;&#2986;&#2975;&#3009;&#2965;&#3007;&#2993;&#2980;&#3009;?','2014-02-16 09:54:27'),(3,'&#2990;&#2979;&#3021;&#2986;&#3009;&#2996;&#3009; &#2984;&#3007;&#2990;&#3007;&#2975;&#2980;&#3021;&#2980;&#3007;&#2993;&#3021;&#2965;&#3009; &#2958;&#2997;&#3021;&#2997;&#2995;&#2997;&#3009; &#2997;&#3015;&#2965;&#2980;&#3021;&#2980;&#3007;&#2994;&#3021; &#2970;&#3014;&#2994;&#3021;&#2994;&#3009;&#2990;&#3021;? ','2014-02-25 18:58:29'),(5,'&#2975;&#3007;&#2992;&#3016;&#2975;&#2985;&#3021; &#2958;&#2985;&#3021;&#2986;&#2980;&#3009; &#2958;&#2984;&#3021;&#2980; &#2965;&#3019;&#2995;&#3007;&#2985;&#3021; &#2990;&#3007;&#2965;&#2986;&#3021;&#2986;&#3014;&#2992;&#3007;&#2991; &#2970;&#3014;&#2991;&#2993;&#3021;&#2965;&#3016; &#2965;&#3019;&#2995;&#3006;&#2965;&#3009;&#2990;&#3021;?','2014-03-05 11:00:23'),(6,'&#2980;&#3007;&#2992;&#3016; &#2949;&#2992;&#2969;&#3021;&#2965;&#3009;&#2965;&#2995;&#3015; &#2951;&#2994;&#3021;&#2994;&#3006;&#2980; &#2984;&#3006;&#2975;&#3009;?\r\n','2014-03-28 18:51:49');
/*!40000 ALTER TABLE `questions` ENABLE KEYS */;
UNLOCK TABLES;

--
-- Table structure for table `votes`
--

DROP TABLE IF EXISTS `votes`;
/*!40101 SET @saved_cs_client     = @@character_set_client */;
/*!40101 SET character_set_client = utf8 */;
CREATE TABLE `votes` (
  `id` int(11) NOT NULL AUTO_INCREMENT,
  `option_id` int(11) NOT NULL,
  `voted_on` datetime NOT NULL,
  `ip` varchar(16) DEFAULT NULL,
  PRIMARY KEY (`id`)
) ENGINE=InnoDB AUTO_INCREMENT=44 DEFAULT CHARSET=utf8;
/*!40101 SET character_set_client = @saved_cs_client */;

--
-- Dumping data for table `votes`
--

LOCK TABLES `votes` WRITE;
/*!40000 ALTER TABLE `votes` DISABLE KEYS */;
INSERT INTO `votes` VALUES (1,2,'2014-02-16 09:42:18','14.99.199.174'),(2,2,'2014-02-16 09:43:15','14.99.199.174'),(3,1,'2014-02-16 09:43:58','14.99.199.174'),(4,7,'2014-02-16 09:54:55','14.99.199.174'),(5,6,'2014-02-16 09:55:06','14.99.199.174'),(6,8,'2014-02-17 13:59:48','125.17.11.118'),(7,6,'2014-02-17 14:10:08','50.23.103.34'),(8,7,'2014-02-17 14:10:31','125.17.11.118'),(9,10,'2014-02-26 12:10:15','125.17.11.118'),(10,9,'2014-02-28 09:18:04','14.96.95.25'),(11,9,'2014-03-03 18:44:33','125.17.11.118'),(12,9,'2014-03-04 10:53:40','122.164.136.32'),(13,18,'2014-03-05 11:01:43','14.99.145.215'),(14,17,'2014-03-10 14:24:17','125.17.11.118'),(15,24,'2014-04-07 13:22:20','14.96.13.241'),(16,22,'2014-04-07 21:53:26','125.17.11.118'),(17,23,'2014-04-24 19:44:12','2.180.204.69'),(18,21,'2014-04-24 19:44:12','2.180.204.69'),(19,21,'2014-04-24 19:44:13','2.180.204.69'),(20,22,'2014-04-24 19:44:13','2.180.204.69'),(21,24,'2014-05-13 02:47:51','113.193.124.25'),(22,22,'2014-06-13 02:48:54','113.193.123.68'),(23,24,'2014-06-21 13:01:29','125.17.11.118'),(24,21,'2014-07-24 23:23:35','125.17.11.118'),(25,24,'2014-08-21 02:30:11','113.193.122.116'),(26,24,'2014-08-22 05:59:36','113.193.121.139'),(27,23,'2014-08-23 02:42:08','125.17.11.118'),(28,24,'2014-09-22 13:44:58','125.17.11.118'),(29,22,'2014-09-24 12:26:42','125.17.11.118'),(30,21,'2014-11-02 09:13:13','113.193.120.66'),(31,21,'2014-11-04 11:15:13','182.72.174.46'),(32,21,'2014-12-28 15:01:15','14.99.184.165'),(33,24,'2015-01-15 14:15:57','10.0.2.2'),(34,24,'2015-01-15 14:16:47','10.0.2.2'),(35,24,'2015-01-15 14:17:54','10.0.2.2'),(36,24,'2015-01-15 14:19:09','10.0.2.2'),(37,24,'2015-01-15 14:23:10','10.0.2.2'),(38,24,'2015-01-15 14:27:00','10.0.2.2'),(39,24,'2015-01-15 14:33:40','10.0.2.2'),(40,22,'2015-01-15 19:02:33','10.0.2.2'),(41,23,'2015-01-15 19:51:07','10.0.2.2'),(42,23,'2015-02-01 14:14:52','10.0.2.2'),(43,22,'2015-02-06 18:47:45','10.0.2.2');
/*!40000 ALTER TABLE `votes` ENABLE KEYS */;
UNLOCK TABLES;
/*!40103 SET TIME_ZONE=@OLD_TIME_ZONE */;

/*!40101 SET SQL_MODE=@OLD_SQL_MODE */;
/*!40014 SET FOREIGN_KEY_CHECKS=@OLD_FOREIGN_KEY_CHECKS */;
/*!40014 SET UNIQUE_CHECKS=@OLD_UNIQUE_CHECKS */;
/*!40101 SET CHARACTER_SET_CLIENT=@OLD_CHARACTER_SET_CLIENT */;
/*!40101 SET CHARACTER_SET_RESULTS=@OLD_CHARACTER_SET_RESULTS */;
/*!40101 SET COLLATION_CONNECTION=@OLD_COLLATION_CONNECTION */;
/*!40111 SET SQL_NOTES=@OLD_SQL_NOTES */;

-- Dump completed on 2015-02-06 20:42:06
